{"id":1352,"date":"2021-09-02T13:53:22","date_gmt":"2021-09-02T11:53:22","guid":{"rendered":"https:\/\/www.primeltraiteur.fr\/mentions-legales\/"},"modified":"2021-09-03T10:07:57","modified_gmt":"2021-09-03T08:07:57","slug":"mentions-legales","status":"publish","type":"page","link":"https:\/\/www.primeltraiteur.fr\/de\/mentions-legales\/","title":{"rendered":"Rechtliche Hinweise"},"content":{"rendered":"<p>HERAUSGEBER<\/p>\n<p>Die Website www.primeltraiteur.fr wird vom Unternehmen SAS SILL ENTREPRISES mit einem Kapital von 18.830.562,30\u00a0\u20ac herausgegeben und betrieben. Der Firmensitz befindet sich in Le Raden, 29860 Plouvien, Frankreich. Das Unternehmen ist unter der Nummer 636 220 220 00017 im Handels- und Gesellschaftsregister von Brest eingetragen.<\/p>\n<p>&nbsp;<\/p>\n<p>Herausgeber: Kelly Villani<\/p>\n<p>&nbsp;<\/p>\n<p>DESIGN UND ERSTELLUNG DER WEBSITE<\/p>\n<p>&nbsp;<\/p>\n<p>Die Website www.primeltraiteur.fr wurde von der Agentur Mediapilote, 4 Avenue Jacqueline de Romilly \u2013 35000 Rennes \u2013 Frankreich entwickelt und angefertigt.<\/p>\n<p>&nbsp;<\/p>\n<p>HOSTING<\/p>\n<p>Die Website www.primeltraiteur.fr wird von Lumy.Cloud (Lumy.Media SAS, Immeuble Le Grand Large, Quai de la Douane, 29200 Brest, Frankreich) gehostet.<\/p>\n<p>&nbsp;<\/p>\n<p>KONTAKT<\/p>\n<p>E-Mail-Adresse: contact@sill.fr<\/p>\n<p>Telefonnummer: +33 (0)2 98 40 90 30<\/p>\n<p>&nbsp;<\/p>\n<p>BILDNACHWEIS<\/p>\n<p>Die Bilder, die hier auf dieser Website Verwendung finden, sind Eigentum von Sill Entreprises.<\/p>\n<p>&nbsp;<\/p>\n<p>COOKIES<\/p>\n<p>Der Nutzer wird dar\u00fcber informiert, dass bei seinem Besuch der Website automatisch ein \u201eCookie\u201c auf dem f\u00fcr die Verbindung verwendeten Ger\u00e4t durch den Browser abgelegt und zeitweise aufbewahrt werden kann. Der Nutzer hat unter allen Umst\u00e4nden das Recht auf Zugang, Widerruf und \u00c4nderung der \u00fcber das Cookie \u00fcbermittelten personenbezogene Daten.<\/p>\n<p>&nbsp;<\/p>\n<p>SCHUTZ DES GEISTIGEN EIGENTUMS (URHEBERRECHT)<\/p>\n<p>Alle auf der Website www.primeltraiteur.fr enthaltenen Elemente sind durch das Urheberrecht (geistiges Eigentum) gesch\u00fctzt.<\/p>\n<p>Jegliche Vervielf\u00e4ltigung der auf der Website www.primeltraiteur.fr zug\u00e4nglichen Elemente ist strengstens untersagt.<\/p>\n<p>&nbsp;<\/p>\n<p>HAFTUNGSAUSSCHLUSS<\/p>\n<p>SAS SILL ENTREPRISES gew\u00e4hrleistet nicht die Richtigkeit der auf der Website enthaltenen Informationen und haftet nicht f\u00fcr eventuelle Fehler oder Auslassungen in Bezug auf diese Inhalte.<\/p>\n<p>Das Unternehmen lehnt ausdr\u00fccklich jede Verpflichtung zur Aktualisierung der bereitgestellten Informationen ab.<\/p>\n<p>&nbsp;<\/p>\n<p>VERF\u00dcGBARKEIT DER WEBSITE<\/p>\n<p>Die Website ist im Prinzip 24\u00a0Stunden am Tag, 7\u00a0Tage die Woche und das ganze Jahr \u00fcber zug\u00e4nglich, au\u00dfer im Falle einer Unterbrechung, ob freiwillig oder nicht. Hierbei kann es sich beispielsweise um Wartungsarbeiten handeln. SILL ENTREPRISES haftet nicht f\u00fcr Sch\u00e4den jeglicher Art, die auf die Nichtverf\u00fcgbarkeit der Website zur\u00fcckzuf\u00fchren sind.<\/p>\n<p>&nbsp;<\/p>\n<p>LINKS ZU ANDEREN WEBSITES<\/p>\n<p>Die Erstellung von Links zu anderen Websites kann ausschlie\u00dflich nach der schriftlichen Zustimmung von SAS SILL COMPANIES erfolgen, die jederzeit widerrufen werden kann.<\/p>\n<p>&nbsp;<\/p>\n<p>Das Unternehmen SILL ENTREPRISES haftet keinesfalls f\u00fcr Inhalte, die auf den mit der Website www.primeltraiteur.fr verlinkten Websites verf\u00fcgbar sind.<\/p>\n<p>&nbsp;<\/p>\n<p>ANWENDBARES RECHT<\/p>\n<p>Die vorliegenden Bedingungen unterliegen dem franz\u00f6sischen Recht. F\u00fcr alle Streitigkeiten, die sich direkt oder indirekt auf den Zugang oder die Nutzung dieser Website beziehen, sind ausschlie\u00dflich die franz\u00f6sischen Gerichte zust\u00e4ndig.<\/p>\n<p>&nbsp;<\/p>\n<p>INFORMATIONSDIENST<\/p>\n<p>Wenn Sie Informationsdienste per elektronischer Post (\u201eNewsletter\u201c) abonniert haben, k\u00f6nnen Sie das Abo dieser wie oben erkl\u00e4rt abbestellen oder Ihre Anweisungen am Ende eines jeden erhaltenen Newsletters befolgen.<\/p>\n","protected":false},"excerpt":{"rendered":"<p>HERAUSGEBER Die Website www.primeltraiteur.fr wird vom Unternehmen SAS SILL ENTREPRISES mit einem Kapital von 18.830.562,30\u00a0\u20ac herausgegeben und betrieben. Der Firmensitz befindet sich in Le Raden, 29860 Plouvien, Frankreich. Das Unternehmen ist unter der Nummer 636 220 220 00017 im Handels- und Gesellschaftsregister von Brest eingetragen. &nbsp; Herausgeber: Kelly Villani &nbsp; DESIGN UND ERSTELLUNG DER WEBSITE [&hellip;]<\/p>\n","protected":false},"author":1,"featured_media":0,"parent":0,"menu_order":0,"comment_status":"closed","ping_status":"closed","template":"","meta":{"footnotes":""},"class_list":["post-1352","page","type-page","status-publish","hentry"],"acf":[],"yoast_head":"<!-- This site is optimized with the Yoast SEO plugin v27.5 - https:\/\/yoast.com\/product\/yoast-seo-wordpress\/ -->\n<title>Rechtliche Hinweise - Primel Traiteur<\/title>\n<meta name=\"robots\" content=\"index, follow, max-snippet:-1, max-image-preview:large, max-video-preview:-1\" \/>\n<link rel=\"canonical\" href=\"https:\/\/www.primeltraiteur.fr\/de\/mentions-legales\/\" \/>\n<meta property=\"og:locale\" content=\"de_DE\" \/>\n<meta property=\"og:type\" content=\"article\" \/>\n<meta property=\"og:title\" content=\"Rechtliche Hinweise - Primel Traiteur\" \/>\n<meta property=\"og:description\" content=\"HERAUSGEBER Die Website www.primeltraiteur.fr wird vom Unternehmen SAS SILL ENTREPRISES mit einem Kapital von 18.830.562,30\u00a0\u20ac herausgegeben und betrieben. Der Firmensitz befindet sich in Le Raden, 29860 Plouvien, Frankreich. Das Unternehmen ist unter der Nummer 636 220 220 00017 im Handels- und Gesellschaftsregister von Brest eingetragen. &nbsp; Herausgeber: Kelly Villani &nbsp; DESIGN UND ERSTELLUNG DER WEBSITE [&hellip;]\" \/>\n<meta property=\"og:url\" content=\"https:\/\/www.primeltraiteur.fr\/de\/mentions-legales\/\" \/>\n<meta property=\"og:site_name\" content=\"Primel Traiteur\" \/>\n<meta property=\"article:publisher\" content=\"https:\/\/www.facebook.com\/Primel-Traiteur-108298991357397\" \/>\n<meta property=\"article:modified_time\" content=\"2021-09-03T08:07:57+00:00\" \/>\n<meta name=\"twitter:card\" content=\"summary_large_image\" \/>\n<meta name=\"twitter:label1\" content=\"Gesch\u00e4tzte Lesezeit\" \/>\n\t<meta name=\"twitter:data1\" content=\"2\u00a0Minuten\" \/>\n<script type=\"application\/ld+json\" class=\"yoast-schema-graph\">{\"@context\":\"https:\\\/\\\/schema.org\",\"@graph\":[{\"@type\":\"WebPage\",\"@id\":\"https:\\\/\\\/www.primeltraiteur.fr\\\/de\\\/mentions-legales\\\/\",\"url\":\"https:\\\/\\\/www.primeltraiteur.fr\\\/de\\\/mentions-legales\\\/\",\"name\":\"Rechtliche Hinweise - Primel Traiteur\",\"isPartOf\":{\"@id\":\"https:\\\/\\\/www.primeltraiteur.fr\\\/#website\"},\"datePublished\":\"2021-09-02T11:53:22+00:00\",\"dateModified\":\"2021-09-03T08:07:57+00:00\",\"breadcrumb\":{\"@id\":\"https:\\\/\\\/www.primeltraiteur.fr\\\/de\\\/mentions-legales\\\/#breadcrumb\"},\"inLanguage\":\"de\",\"potentialAction\":[{\"@type\":\"ReadAction\",\"target\":[\"https:\\\/\\\/www.primeltraiteur.fr\\\/de\\\/mentions-legales\\\/\"]}]},{\"@type\":\"BreadcrumbList\",\"@id\":\"https:\\\/\\\/www.primeltraiteur.fr\\\/de\\\/mentions-legales\\\/#breadcrumb\",\"itemListElement\":[{\"@type\":\"ListItem\",\"position\":1,\"name\":\"Accueil\",\"item\":\"https:\\\/\\\/www.primeltraiteur.fr\\\/de\\\/\"},{\"@type\":\"ListItem\",\"position\":2,\"name\":\"Rechtliche Hinweise\"}]},{\"@type\":\"WebSite\",\"@id\":\"https:\\\/\\\/www.primeltraiteur.fr\\\/#website\",\"url\":\"https:\\\/\\\/www.primeltraiteur.fr\\\/\",\"name\":\"Primel Traiteur\",\"description\":\"Un site utilisant WordPress\",\"publisher\":{\"@id\":\"https:\\\/\\\/www.primeltraiteur.fr\\\/#organization\"},\"potentialAction\":[{\"@type\":\"SearchAction\",\"target\":{\"@type\":\"EntryPoint\",\"urlTemplate\":\"https:\\\/\\\/www.primeltraiteur.fr\\\/?s={search_term_string}\"},\"query-input\":{\"@type\":\"PropertyValueSpecification\",\"valueRequired\":true,\"valueName\":\"search_term_string\"}}],\"inLanguage\":\"de\"},{\"@type\":\"Organization\",\"@id\":\"https:\\\/\\\/www.primeltraiteur.fr\\\/#organization\",\"name\":\"Primel traiteur\",\"url\":\"https:\\\/\\\/www.primeltraiteur.fr\\\/\",\"logo\":{\"@type\":\"ImageObject\",\"inLanguage\":\"de\",\"@id\":\"https:\\\/\\\/www.primeltraiteur.fr\\\/#\\\/schema\\\/logo\\\/image\\\/\",\"url\":\"https:\\\/\\\/www.primeltraiteur.fr\\\/wp-content\\\/uploads\\\/2021\\\/05\\\/logo.jpg\",\"contentUrl\":\"https:\\\/\\\/www.primeltraiteur.fr\\\/wp-content\\\/uploads\\\/2021\\\/05\\\/logo.jpg\",\"width\":413,\"height\":120,\"caption\":\"Primel traiteur\"},\"image\":{\"@id\":\"https:\\\/\\\/www.primeltraiteur.fr\\\/#\\\/schema\\\/logo\\\/image\\\/\"},\"sameAs\":[\"https:\\\/\\\/www.facebook.com\\\/Primel-Traiteur-108298991357397\",\"https:\\\/\\\/www.instagram.com\\\/primeltraiteur\\\/\",\"https:\\\/\\\/www.linkedin.com\\\/company\\\/primel-traiteur\\\/?originalSubdomain=fr\"]}]}<\/script>\n<!-- \/ Yoast SEO plugin. -->","yoast_head_json":{"title":"Rechtliche Hinweise - Primel Traiteur","robots":{"index":"index","follow":"follow","max-snippet":"max-snippet:-1","max-image-preview":"max-image-preview:large","max-video-preview":"max-video-preview:-1"},"canonical":"https:\/\/www.primeltraiteur.fr\/de\/mentions-legales\/","og_locale":"de_DE","og_type":"article","og_title":"Rechtliche Hinweise - Primel Traiteur","og_description":"HERAUSGEBER Die Website www.primeltraiteur.fr wird vom Unternehmen SAS SILL ENTREPRISES mit einem Kapital von 18.830.562,30\u00a0\u20ac herausgegeben und betrieben. Der Firmensitz befindet sich in Le Raden, 29860 Plouvien, Frankreich. Das Unternehmen ist unter der Nummer 636 220 220 00017 im Handels- und Gesellschaftsregister von Brest eingetragen. &nbsp; Herausgeber: Kelly Villani &nbsp; DESIGN UND ERSTELLUNG DER WEBSITE [&hellip;]","og_url":"https:\/\/www.primeltraiteur.fr\/de\/mentions-legales\/","og_site_name":"Primel Traiteur","article_publisher":"https:\/\/www.facebook.com\/Primel-Traiteur-108298991357397","article_modified_time":"2021-09-03T08:07:57+00:00","twitter_card":"summary_large_image","twitter_misc":{"Gesch\u00e4tzte Lesezeit":"2\u00a0Minuten"},"schema":{"@context":"https:\/\/schema.org","@graph":[{"@type":"WebPage","@id":"https:\/\/www.primeltraiteur.fr\/de\/mentions-legales\/","url":"https:\/\/www.primeltraiteur.fr\/de\/mentions-legales\/","name":"Rechtliche Hinweise - Primel Traiteur","isPartOf":{"@id":"https:\/\/www.primeltraiteur.fr\/#website"},"datePublished":"2021-09-02T11:53:22+00:00","dateModified":"2021-09-03T08:07:57+00:00","breadcrumb":{"@id":"https:\/\/www.primeltraiteur.fr\/de\/mentions-legales\/#breadcrumb"},"inLanguage":"de","potentialAction":[{"@type":"ReadAction","target":["https:\/\/www.primeltraiteur.fr\/de\/mentions-legales\/"]}]},{"@type":"BreadcrumbList","@id":"https:\/\/www.primeltraiteur.fr\/de\/mentions-legales\/#breadcrumb","itemListElement":[{"@type":"ListItem","position":1,"name":"Accueil","item":"https:\/\/www.primeltraiteur.fr\/de\/"},{"@type":"ListItem","position":2,"name":"Rechtliche Hinweise"}]},{"@type":"WebSite","@id":"https:\/\/www.primeltraiteur.fr\/#website","url":"https:\/\/www.primeltraiteur.fr\/","name":"Primel Traiteur","description":"Un site utilisant WordPress","publisher":{"@id":"https:\/\/www.primeltraiteur.fr\/#organization"},"potentialAction":[{"@type":"SearchAction","target":{"@type":"EntryPoint","urlTemplate":"https:\/\/www.primeltraiteur.fr\/?s={search_term_string}"},"query-input":{"@type":"PropertyValueSpecification","valueRequired":true,"valueName":"search_term_string"}}],"inLanguage":"de"},{"@type":"Organization","@id":"https:\/\/www.primeltraiteur.fr\/#organization","name":"Primel traiteur","url":"https:\/\/www.primeltraiteur.fr\/","logo":{"@type":"ImageObject","inLanguage":"de","@id":"https:\/\/www.primeltraiteur.fr\/#\/schema\/logo\/image\/","url":"https:\/\/www.primeltraiteur.fr\/wp-content\/uploads\/2021\/05\/logo.jpg","contentUrl":"https:\/\/www.primeltraiteur.fr\/wp-content\/uploads\/2021\/05\/logo.jpg","width":413,"height":120,"caption":"Primel traiteur"},"image":{"@id":"https:\/\/www.primeltraiteur.fr\/#\/schema\/logo\/image\/"},"sameAs":["https:\/\/www.facebook.com\/Primel-Traiteur-108298991357397","https:\/\/www.instagram.com\/primeltraiteur\/","https:\/\/www.linkedin.com\/company\/primel-traiteur\/?originalSubdomain=fr"]}]}},"_links":{"self":[{"href":"https:\/\/www.primeltraiteur.fr\/de\/wp-json\/wp\/v2\/pages\/1352","targetHints":{"allow":["GET"]}}],"collection":[{"href":"https:\/\/www.primeltraiteur.fr\/de\/wp-json\/wp\/v2\/pages"}],"about":[{"href":"https:\/\/www.primeltraiteur.fr\/de\/wp-json\/wp\/v2\/types\/page"}],"author":[{"embeddable":true,"href":"https:\/\/www.primeltraiteur.fr\/de\/wp-json\/wp\/v2\/users\/1"}],"replies":[{"embeddable":true,"href":"https:\/\/www.primeltraiteur.fr\/de\/wp-json\/wp\/v2\/comments?post=1352"}],"version-history":[{"count":4,"href":"https:\/\/www.primeltraiteur.fr\/de\/wp-json\/wp\/v2\/pages\/1352\/revisions"}],"predecessor-version":[{"id":1419,"href":"https:\/\/www.primeltraiteur.fr\/de\/wp-json\/wp\/v2\/pages\/1352\/revisions\/1419"}],"wp:attachment":[{"href":"https:\/\/www.primeltraiteur.fr\/de\/wp-json\/wp\/v2\/media?parent=1352"}],"curies":[{"name":"wp","href":"https:\/\/api.w.org\/{rel}","templated":true}]}}

<p>HERAUSGEBER</p>
<p>Die Website www.primeltraiteur.fr wird vom Unternehmen SAS SILL ENTREPRISES mit einem Kapital von 18.830.562,30 € herausgegeben und betrieben. Der Firmensitz befindet sich in Le Raden, 29860 Plouvien, Frankreich. Das Unternehmen ist unter der Nummer 636 220 220 00017 im Handels- und Gesellschaftsregister von Brest eingetragen.</p>
<p>&nbsp;</p>
<p>Herausgeber: Kelly Villani</p>
<p>&nbsp;</p>
<p>DESIGN UND ERSTELLUNG DER WEBSITE</p>
<p>&nbsp;</p>
<p>Die Website www.primeltraiteur.fr wurde von der Agentur Mediapilote, 4 Avenue Jacqueline de Romilly – 35000 Rennes – Frankreich entwickelt und angefertigt.</p>
<p>&nbsp;</p>
<p>HOSTING</p>
<p>Die Website www.primeltraiteur.fr wird von Lumy.Cloud (Lumy.Media SAS, Immeuble Le Grand Large, Quai de la Douane, 29200 Brest, Frankreich) gehostet.</p>
<p>&nbsp;</p>
<p>KONTAKT</p>
<p>E-Mail-Adresse: contact@sill.fr</p>
<p>Telefonnummer: +33 (0)2 98 40 90 30</p>
<p>&nbsp;</p>
<p>BILDNACHWEIS</p>
<p>Die Bilder, die hier auf dieser Website Verwendung finden, sind Eigentum von Sill Entreprises.</p>
<p>&nbsp;</p>
<p>COOKIES</p>
<p>Der Nutzer wird darüber informiert, dass bei seinem Besuch der Website automatisch ein „Cookie“ auf dem für die Verbindung verwendeten Gerät durch den Browser abgelegt und zeitweise aufbewahrt werden kann. Der Nutzer hat unter allen Umständen das Recht auf Zugang, Widerruf und Änderung der über das Cookie übermittelten personenbezogene Daten.</p>
<p>&nbsp;</p>
<p>SCHUTZ DES GEISTIGEN EIGENTUMS (URHEBERRECHT)</p>
<p>Alle auf der Website www.primeltraiteur.fr enthaltenen Elemente sind durch das Urheberrecht (geistiges Eigentum) geschützt.</p>
<p>Jegliche Vervielfältigung der auf der Website www.primeltraiteur.fr zugänglichen Elemente ist strengstens untersagt.</p>
<p>&nbsp;</p>
<p>HAFTUNGSAUSSCHLUSS</p>
<p>SAS SILL ENTREPRISES gewährleistet nicht die Richtigkeit der auf der Website enthaltenen Informationen und haftet nicht für eventuelle Fehler oder Auslassungen in Bezug auf diese Inhalte.</p>
<p>Das Unternehmen lehnt ausdrücklich jede Verpflichtung zur Aktualisierung der bereitgestellten Informationen ab.</p>
<p>&nbsp;</p>
<p>VERFÜGBARKEIT DER WEBSITE</p>
<p>Die Website ist im Prinzip 24 Stunden am Tag, 7 Tage die Woche und das ganze Jahr über zugänglich, außer im Falle einer Unterbrechung, ob freiwillig oder nicht. Hierbei kann es sich beispielsweise um Wartungsarbeiten handeln. SILL ENTREPRISES haftet nicht für Schäden jeglicher Art, die auf die Nichtverfügbarkeit der Website zurückzuführen sind.</p>
<p>&nbsp;</p>
<p>LINKS ZU ANDEREN WEBSITES</p>
<p>Die Erstellung von Links zu anderen Websites kann ausschließlich nach der schriftlichen Zustimmung von SAS SILL COMPANIES erfolgen, die jederzeit widerrufen werden kann.</p>
<p>&nbsp;</p>
<p>Das Unternehmen SILL ENTREPRISES haftet keinesfalls für Inhalte, die auf den mit der Website www.primeltraiteur.fr verlinkten Websites verfügbar sind.</p>
<p>&nbsp;</p>
<p>ANWENDBARES RECHT</p>
<p>Die vorliegenden Bedingungen unterliegen dem französischen Recht. Für alle Streitigkeiten, die sich direkt oder indirekt auf den Zugang oder die Nutzung dieser Website beziehen, sind ausschließlich die französischen Gerichte zuständig.</p>
<p>&nbsp;</p>
<p>INFORMATIONSDIENST</p>
<p>Wenn Sie Informationsdienste per elektronischer Post („Newsletter“) abonniert haben, können Sie das Abo dieser wie oben erklärt abbestellen oder Ihre Anweisungen am Ende eines jeden erhaltenen Newsletters befolgen.</p>

<!-- This site is optimized with the Yoast SEO plugin v27.5 - https://yoast.com/product/yoast-seo-wordpress/ -->
<title>Rechtliche Hinweise - Primel Traiteur</title>
<meta name="robots" content="index, follow, max-snippet:-1, max-image-preview:large, max-video-preview:-1" />
<link rel="canonical" href="https://www.primeltraiteur.fr/de/mentions-legales/" />
<meta property="og:locale" content="de_DE" />
<meta property="og:type" content="article" />
<meta property="og:title" content="Rechtliche Hinweise - Primel Traiteur" />
<meta property="og:description" content="HERAUSGEBER Die Website www.primeltraiteur.fr wird vom Unternehmen SAS SILL ENTREPRISES mit einem Kapital von 18.830.562,30 € herausgegeben und betrieben. Der Firmensitz befindet sich in Le Raden, 29860 Plouvien, Frankreich. Das Unternehmen ist unter der Nummer 636 220 220 00017 im Handels- und Gesellschaftsregister von Brest eingetragen. &nbsp; Herausgeber: Kelly Villani &nbsp; DESIGN UND ERSTELLUNG DER WEBSITE [&hellip;]" />
<meta property="og:url" content="https://www.primeltraiteur.fr/de/mentions-legales/" />
<meta property="og:site_name" content="Primel Traiteur" />
<meta property="article:publisher" content="https://www.facebook.com/Primel-Traiteur-108298991357397" />
<meta property="article:modified_time" content="2021-09-03T08:07:57+00:00" />
<meta name="twitter:card" content="summary_large_image" />
<meta name="twitter:label1" content="Geschätzte Lesezeit" />
	<meta name="twitter:data1" content="2 Minuten" />
<script type="application/ld+json" class="yoast-schema-graph">{"@context":"https:\/\/schema.org","@graph":[{"@type":"WebPage","@id":"https:\/\/www.primeltraiteur.fr\/de\/mentions-legales\/","url":"https:\/\/www.primeltraiteur.fr\/de\/mentions-legales\/","name":"Rechtliche Hinweise - Primel Traiteur","isPartOf":{"@id":"https:\/\/www.primeltraiteur.fr\/#website"},"datePublished":"2021-09-02T11:53:22+00:00","dateModified":"2021-09-03T08:07:57+00:00","breadcrumb":{"@id":"https:\/\/www.primeltraiteur.fr\/de\/mentions-legales\/#breadcrumb"},"inLanguage":"de","potentialAction":[{"@type":"ReadAction","target":["https:\/\/www.primeltraiteur.fr\/de\/mentions-legales\/"]}]},{"@type":"BreadcrumbList","@id":"https:\/\/www.primeltraiteur.fr\/de\/mentions-legales\/#breadcrumb","itemListElement":[{"@type":"ListItem","position":1,"name":"Accueil","item":"https:\/\/www.primeltraiteur.fr\/de\/"},{"@type":"ListItem","position":2,"name":"Rechtliche Hinweise"}]},{"@type":"WebSite","@id":"https:\/\/www.primeltraiteur.fr\/#website","url":"https:\/\/www.primeltraiteur.fr\/","name":"Primel Traiteur","description":"Un site utilisant WordPress","publisher":{"@id":"https:\/\/www.primeltraiteur.fr\/#organization"},"potentialAction":[{"@type":"SearchAction","target":{"@type":"EntryPoint","urlTemplate":"https:\/\/www.primeltraiteur.fr\/?s={search_term_string}"},"query-input":{"@type":"PropertyValueSpecification","valueRequired":true,"valueName":"search_term_string"}}],"inLanguage":"de"},{"@type":"Organization","@id":"https:\/\/www.primeltraiteur.fr\/#organization","name":"Primel traiteur","url":"https:\/\/www.primeltraiteur.fr\/","logo":{"@type":"ImageObject","inLanguage":"de","@id":"https:\/\/www.primeltraiteur.fr\/#\/schema\/logo\/image\/","url":"https:\/\/www.primeltraiteur.fr\/wp-content\/uploads\/2021\/05\/logo.jpg","contentUrl":"https:\/\/www.primeltraiteur.fr\/wp-content\/uploads\/2021\/05\/logo.jpg","width":413,"height":120,"caption":"Primel traiteur"},"image":{"@id":"https:\/\/www.primeltraiteur.fr\/#\/schema\/logo\/image\/"},"sameAs":["https:\/\/www.facebook.com\/Primel-Traiteur-108298991357397","https:\/\/www.instagram.com\/primeltraiteur\/","https:\/\/www.linkedin.com\/company\/primel-traiteur\/?originalSubdomain=fr"]}]}</script>
<!-- / Yoast SEO plugin. -->
